ase 2, what is -10000000001 + -10?
-10000000011
In base 9, what is 46 - 1?
45
In base 15, what is -42d + b?
-422
In base 11, what is 2 - 11a?
-118
In base 11, what is -2a + -3?
-32
In base 13, what is 6c + 1?
70
In base 6, what is 14 - -11?
25
In base 10, what is 9 + 21?
30
In base 9, what is -20 - 8?
-28
In base 9, what is 4 - -254?
258
In base 13, what is -5 - 81?
-86
In base 16, what is 8f - 14?
7b
In base 9, what is -374 - -4?
-370
In base 3, what is 201121 - -1120?
210011
In base 7, what is 10 - 34?
-24
In base 10, what is 153 - 4?
149
In base 4, what is -201022 - -11?
-201011
In base 4, what is 3120 - -10?
3130
In base 13, what is 3 - -ba5?
ba8
In base 6, what is -215 + 110?
-105
In base 10, what is -14 - 482?
-496
In base 8, what is -46753 + 5?
-46746
In base 10, what is -1 + -277?
-278
In base 10, what is -112 + -10?
-122
In base 12, what is 0 + b4?
b4
In base 2, what is -11 + 101010110100?
101010110001
In base 2, what is 11 - -100001011011?
100001011110
In base 13, what is -11 + 282?
271
In base 7, what is 2 - 1016?
-1014
In base 11, what is 1 - -2a27?
2a28
In base 16, what is 2 - d29?
-d27
In base 11, what is -777 + 1?
-776
In base 8, what is 36 - -14?
52
In base 4, what is -102133 + -23?
-102222
In base 6, what is -1 - -424?
423
In base 3, what is -2100 + 2112?
12
In base 3, what is 12 + -10122210?
-10122121
In base 13, what is 0 + -2546?
-2546
In base 11, what is 42 - -85?
117
In base 3, what is -20120 + 10?
-20110
In base 2, what is -10011111111101 - -11?
-10011111111010
In base 6, what is -5 + 120?
111
In base 7, what is -216 + 3?
-213
In base 16, what is 25a + -3?
257
In base 5, what is 202 + 4?
211
In base 6, what is -20 + 130?
110
In base 15, what is -b - -b?
0
In base 8, what is 205 - -1?
206
In base 15, what is 3 - 1b4?
-1b1
In base 3, what is 111 - -2121?
10002
In base 15, what is -2 + 1a?
18
In base 8, what is 364 + 1?
365
In base 6, what is 5 - -213?
222
In base 9, what is -58 - -3?
-55
In base 5, what is -102 + 1422?
1320
In base 6, what is -242 + 0?
-242
In base 15, what is -34 - -72?
3d
In base 9, what is 24 - 223?
-188
In base 15, what is -7 - -22e?
227
In base 16, what is -b - -8e?
83
In base 6, what is 0 - 14210?
-14210
In base 3, what is -1110 + 1101?
-2
In base 5, what is -1420 + 2?
-1413
In base 10, what is -3370 + 2?
-3368
In base 10, what is -15 + 37?
22
In base 10, what is -617 - 5?
-622
In base 15, what is -19 + -2?
-1b
In base 14, what is -1 + -bc6?
-bc7
In base 4, what is 1 - -322?
323
In base 2, what is 100100 + -101?
11111
In base 10, what is 5 + 42?
47
In base 8, what is 1220 - -1?
1221
In base 15, what is -5 + 34?
2e
In base 13, what is -1a - -4?
-16
In base 7, what is 51 + 266?
350
In base 16, what is -d + -134?
-141
In base 11, what is 76 - -17?
92
In base 4, what is -1 - 2232?
-2233
In base 11, what is -98 - -33?
-65
In base 14, what is -66 + -23?
-89
In base 4, what is 1 - 21?
-20
In base 4, what is 2 + 22332?
23000
In base 14, what is 4d1 + 1?
4d2
In base 6, what is -335 - -202?
-133
In base 11, what is -56 + 388?
332
In base 16, what is 1b26 - -1?
1b27
In base 6, what is 2 - 1024?
-1022
In base 3, what is 2101102 - 2?
2101100
In base 16, what is -23 + 92?
6f
In base 4, what is -11 - 1002?
-1013
In base 4, what is -1022 - -20?
-1002
In base 6, what is -3 + 11?
4
In base 15, what is -215 - -1?
-214
In base 16, what is -c2a - 1?
-c2b
In base 15, what is 11 - 13?
-2
In base 3, what is -102200 + -12?
-102212
In base 16, what is 13 + 69?
7c
In base 7, what is 13 - 100?
-54
In base 5, what is -4 - 20?
-24
In base 6, what is 1 + 24312?
24313
In base 15, what is -2a + -2?
-2c
In base 6, what is 5 + -1214?
-1205
In base 13, what is -1 + 14a?
149
In base 6, what is 532 - -1?
533
In base 6, what is -20 - 440?
-500
In base 4, what is 3321 + 11?
3332
In base 3, what is 1 - 101011?
-101010
In base 4, what is 1102 + -20?
1022
In base 12, what is -5 - 6b?
-74
In base 2, what is 1111 + -110100?
-100101
In base 14, what is -278 + -5?
-27d
In base 14, what is -132 + -12?
-144
In base 9, what is 407 + -2?
405
In base 11, what is 2 + 17?
19
In base 10, what is 3 + 242?
245
In base 11, what is -3 - 200?
-203
In base 9, what is -1343 - 0?
-1343
In base 7, what is -21 + -15?
-36
In base 5, what is -3 + 42141?
42133
In base 4, what is 10 + -312?
-302
In base 5, what is -10 - -23400?
23340
In base 2, what is -1000 - -111110011?
111101011
In base 7, what is -12 + -104?
-116
In base 16, what is 3fa + -4?
3f6
In base 5, what is -3 + -2240?
-2243
In base 4, what is -1 + 330311?
330310
In base 16, what is -146 + 1?
-145
In base 13, what is 11 + -20?
-c
In base 6, what is -45 + 0?
-45
In base 16, what is 6b - -7?
72
In base 9, what is -4 - -432?
427
In base 16, what is -29 + -1d?
-46
In base 5, what is 113233 + 2?
113240
In base 12, what is 209 - 0?
209
In base 13, what is -1 + -106?
-107
In base 6, what is -3252 - 5?
-3301
In base 14, what is 1 + -28b?
-28a
In base 4, what is -300 + -132?
-1032
In base 4, what is -2 - -231?
223
In base 5, what is 22 - -402?
424
In base 16, what is 19c - -5?
1a1
In base 14, what is -3a4 - 5?
-3a9
In base 12, what is -82 - -2b?
-53
In base 3, what is -20 - 1100110?
-1100200
In base 10, what is 30 - -86?
116
In base 12, what is 9 - -128?
135
In base 16, what is 2d + 13?
40
In base 6, what is 34 + 53?
131
In base 16, what is -9ee + 1?
-9ed
In base 4, what is -2 + -1100?
-1102
In base 14, what is 479 - -2?
47b
In base 15, what is 3 - 6?
-3
In base 4, what is -3 + -1100?
-1103
In base 3, what is -220002 - 0?
-220002
In base 3, what is 11 - -1122?
1210
In base 15, what is -1 + a4?
a3
In base 9, what is -72 + 270?
187
In base 8, what is 0 - 43?
-43
In base 3, what is -11 + -202?
-220
In base 4, what is -102133 - 3?
-102202
In base 4, what is 22 - -10322?
11010
In base 16, what is -3 - 2f?
-32
In base 12, what is 122 - 5?
119
In base 11, what is 5 - -83?
88
In base 4, what is -10110 + 3?
-10101
In base 9, what is 0 - 235?
-235
In base 8, what is 543 - 2?
541
In base 5, what is 3 + 3?
11
In base 5, what is 0 + -313?
-313
In base 11, what is -11 + -3?
-14
In base 15, what is 302 - -8?
30a
In base 2, what is 1110111 - 10?
1110101
In base 6, what is 3 + -13?
-10
In base 8, what is 1136 + -3?
1133
In base 8, what is -10 - 4253?
-4263
In base 3, what is 2 - -1100?
1102
In base 14, what is -1b - 1b?
-38
In base 8, what is 140 - 4?
134
In base 9, what is 105 - 0?
105
In base 3, what is 110 + -102?
1
In base 11, what is -38 - -3?
-35
In base 11, what is -2 + -33?
-35
In base 7, what is 2 - 1355?
-1353
In base 6, what is -5353 - -3?
-5350
In base 2, what is -1101 - 1110?
-11011
In base 16, what is 17 + e?
25
In base 13, what is 26 - a?
19
In base 16, what is 5c - -11?
6d
In base 5, what is -22 + -110?
-132
In base 8, what is 13 - 7?
4
In base 15, what is 1 + -2a?
-29
In base 3, what is -1022 + -12?
-1111
In base 15, what is 36 + c8?
10e
In base 12, what is -2 + -226?
-228
In base 8, what is -14 - 147?
-163
In base 12, what is 306 - 5?
301
In base 4, what is 10230 - 100?
10130
In base 11, what is -1 + 2a8?
2a7
In base 4, what is 1 - -122?
123
In base 15, what is 2899 - 1?
2898
In base 10, what is 2 - -378?
380
In base 16, what is -1 - e?
-f
In base 9, what is -15 + -68?
-84
In base 12, what is 8 + -9a?
-92
In base 11, what is 2 - 40?
-39
In base 15, what is -3d + -3?
-41
In base 7, what is 4 + -25?
-21
In base 5, what is 11024 - 1?
11023
In base 14, what is 13 + 5?
18
In base 11, what is 0 - -6056?
6056
In base 4, what is -13 - -123?
110
In base 8, what is 7 - 271?
-262
In base 5, what is 13001 + -4?
12442
In base 12, what is 443 - 28?
417
In base 3, what is 1 - -1200202?
1200210
In base 10, what is 0 + -150?
-150
In base 10, what is 7 + 3722?
3729
In base 7, what is -3 - 15665?
-16001
In base 2, what is -1001001101101 - 101?
-1001001110010
In base 15, what is -8 - -7?
-1
In base 5, what is 0 - 201?
-201
In base 3, what is -2 - -100221?
100212
In base 4, what is 100 + -21?
13
In base 13, what is -2 + -169?
-16b
In base 12, what is -122 - 4?
-126
In base 11, what is 2 + -18a?
-188
In base 16, what is 16 + -3?
13
In base 9, what is 1 - 6?
-5
In base 13, what is -3 + -286?
-289
In base 7, what is 0 + -1516?
-1516
In base 13, what is 34 - -2?
36
In base 9, what is -481 + -2?
-483
In base 7, what is 2 + -164?
-162
